{"id":35,"date":"2017-11-18T16:57:20","date_gmt":"2017-11-18T16:57:20","guid":{"rendered":"http:\/\/web.tsg-weinheim-handball.de\/?page_id=35"},"modified":"2023-11-28T10:51:24","modified_gmt":"2023-11-28T09:51:24","slug":"herren-2","status":"publish","type":"page","link":"https:\/\/web.tsg-weinheim-handball.de\/?page_id=35","title":{"rendered":"Herren 2"},"content":{"rendered":"<p><strong>Herren 2<\/strong><\/p>\n<p><strong>Trainer :<\/strong><br \/>\nRen\u00e9 Dykier<br \/>\nTelefon:<br \/>\nMail: <a href=\"mailto:herren2@tsg-weinheim-handball.de\">herren2@tsg-weinheim-handball.de<\/a><\/p>\n<p><strong>Trainingszeiten:<\/strong><br \/>\nMontag: \u00a0 \u00a0 \u00a0 \u00a0 \u00a0 19:30 Uhr, Heidi Mohr-Halle<br \/>\nDonnerstag: \u00a020:00 Uhr, Dietrich Bonhoeffer-Halle<\/p>\n<p><strong>Spielklasse:<\/strong><br \/>\nBezirksliga 3<\/p>\n<p><strong>Mannschaftsinfo:<br \/>\n<\/strong>Die zweite Mannschaft dient als Unterbau f\u00fcr die erste und spielt nach dem ungl\u00fccklichen Abstieg in der Saison 22\/23 nun in der Bezirksklasse 3. Unter schwierigen Umst\u00e4nden ist aber das Ziel, wieder in die Bezirksklasse 2 aufzusteigen. Trainer Ren\u00e9 Dykier betreut das Team seit dieser Saison. Handballinteressierte sind jederzeit willkommen und k\u00f6nnen einfach zum Training dazukommen.<\/p>\n<p><a href=\"https:\/\/web.tsg-weinheim-handball.de\/?cat=4\"><img loading=\"lazy\" decoding=\"async\" class=\"alignnone size-medium wp-image-96\" src=\"https:\/\/web.tsg-weinheim-handball.de\/wp-content\/uploads\/2017\/11\/Spielberichte-300x48.png\" alt=\"\" width=\"300\" height=\"48\" srcset=\"https:\/\/web.tsg-weinheim-handball.de\/wp-content\/uploads\/2017\/11\/Spielberichte-300x48.png 300w, https:\/\/web.tsg-weinheim-handball.de\/wp-content\/uploads\/2017\/11\/Spielberichte.png 690w\" sizes=\"auto, (max-width: 300px) 100vw, 300px\" \/><\/a><\/p>\n","protected":false},"excerpt":{"rendered":"<p>Herren 2 Trainer : Ren\u00e9 Dykier Telefon: Mail: herren2@tsg-weinheim-handball.de Trainingszeiten: Montag: \u00a0 \u00a0 \u00a0 \u00a0 \u00a0 19:30 Uhr, Heidi Mohr-Halle Donnerstag: \u00a020:00 Uhr, Dietrich Bonhoeffer-Halle Spielklasse: Bezirksliga 3 Mannschaftsinfo: Die zweite Mannschaft dient als Unterbau f\u00fcr die erste und spielt nach dem ungl\u00fccklichen Abstieg in der Saison 22\/23 nun in der Bezirksklasse 3. Unter schwierigen &hellip; <\/p>\n<p class=\"link-more\"><a href=\"https:\/\/web.tsg-weinheim-handball.de\/?page_id=35\" class=\"more-link\"><span class=\"screen-reader-text\">\u201eHerren 2\u201c<\/span> weiterlesen<\/a><\/p>\n","protected":false},"author":1,"featured_media":0,"parent":33,"menu_order":0,"comment_status":"closed","ping_status":"closed","template":"","meta":{"footnotes":""},"class_list":["post-35","page","type-page","status-publish","hentry"],"_links":{"self":[{"href":"https:\/\/web.tsg-weinheim-handball.de\/index.php?rest_route=\/wp\/v2\/pages\/35","targetHints":{"allow":["GET"]}}],"collection":[{"href":"https:\/\/web.tsg-weinheim-handball.de\/index.php?rest_route=\/wp\/v2\/pages"}],"about":[{"href":"https:\/\/web.tsg-weinheim-handball.de\/index.php?rest_route=\/wp\/v2\/types\/page"}],"author":[{"embeddable":true,"href":"https:\/\/web.tsg-weinheim-handball.de\/index.php?rest_route=\/wp\/v2\/users\/1"}],"replies":[{"embeddable":true,"href":"https:\/\/web.tsg-weinheim-handball.de\/index.php?rest_route=%2Fwp%2Fv2%2Fcomments&post=35"}],"version-history":[{"count":30,"href":"https:\/\/web.tsg-weinheim-handball.de\/index.php?rest_route=\/wp\/v2\/pages\/35\/revisions"}],"predecessor-version":[{"id":2125,"href":"https:\/\/web.tsg-weinheim-handball.de\/index.php?rest_route=\/wp\/v2\/pages\/35\/revisions\/2125"}],"up":[{"embeddable":true,"href":"https:\/\/web.tsg-weinheim-handball.de\/index.php?rest_route=\/wp\/v2\/pages\/33"}],"wp:attachment":[{"href":"https:\/\/web.tsg-weinheim-handball.de\/index.php?rest_route=%2Fwp%2Fv2%2Fmedia&parent=35"}],"curies":[{"name":"wp","href":"https:\/\/api.w.org\/{rel}","templated":true}]}}