{"id":114,"date":"2017-11-19T12:31:21","date_gmt":"2017-11-19T11:31:21","guid":{"rendered":"http:\/\/web.tsg-weinheim-handball.de\/?page_id=114"},"modified":"2024-06-20T16:08:43","modified_gmt":"2024-06-20T15:08:43","slug":"we-jugend","status":"publish","type":"page","link":"https:\/\/web.tsg-weinheim-handball.de\/?page_id=114","title":{"rendered":"wE-Jugend"},"content":{"rendered":"<h1><strong>wE-Jugend<\/strong><\/h1>\n<p>Trainer: Regina Gruber, Birgit Ahrens und Eva Helfrich<\/p>\n<p>Telefon: Kontakt \u00fcber den Jugendleiter Peter Scheurich (01575\/3772726)<\/p>\n<p>Mail: hsg-jugend@gmx.de<\/p>\n<p><strong>Trainingszeiten Saison 2024\/2025:<\/strong><\/p>\n<p>Dienstag:\u00a0 \u00a0 \u00a0 \u00a0 \u00a0 17:00-18:30 Uhr (Sporthalle Werner-Heisenberg-Gymnasium)<\/p>\n<p>Donnerstag:\u00a0 \u00a0 17:30-19:00 Uhr (Keissporthalle, Weinheim)<\/p>\n<p><strong>Mannschaftsinfo Saison 2024\/ 2025:<\/strong><\/p>\n<p>Nach dem Staffelsieg in der vergangenen Saison in der Bezirksliga 2, r\u00fcckte der Jahrgang 2011 und damit die meisten Spielerinnen in die C-Jugend auf.<\/p>\n<p>Trotz d\u00fcnner Personaldecke wird die weibliche D-Jugend (Jahrg\u00e4nge 2012\/0213) mit tatkr\u00e4ftiger Unterst\u00fctzung aus der weiblichen E-Jugend in der Bezirksliga am Start sein.<\/p>\n<p>Die weibliche E-Jugend (Jahrgang 2014 und j\u00fcnger) wird in der Aufbaurunde antreten, um allen Spielerinnen, insbesondere den Neueinsteigerinnen, m\u00f6glichst viele Spielanteile und eine leistungsangepasste Entwicklung zu erm\u00f6glichen. Zudem planen wir erg\u00e4nzend Freundschaftsspiele gegen umliegende Vereine.<\/p>\n<p>Beide Teams haben zweimal w\u00f6chentlich Training, zu den gleichen Zeiten in den gleichen Hallen und trainieren auch manche Trainingsinhalte gemeinsam, sodass die n\u00f6tige Kooperation gut gelebt werden kann und die M\u00e4dels sich als gro\u00dfes Team verstehen.<\/p>\n<p>Unsere Ziele sind es, den M\u00e4dchen Spa\u00df am Handball, Teamgeist, Zusammenhalt und Fairplay zu vermitteln, ihre handballerischen Fertigkeiten weiterzuentwickeln und sie nachhaltig f\u00fcr unseren Sport zu begeistern.<\/p>\n<p>Das Training findet dienstags von 17.00 \u2013 18.30 Uhr in der Sporthalle des Werner-Heisenberg-Gymnasiums und donnerstags von 17.30 \u2013 19.00 in der Kreissporthalle jeweils in Weinheim statt.<\/p>\n<p>Handballinteressierte M\u00e4dels sind bei uns immer willkommen und k\u00f6nnen gerne zum Probetraining vorbeikommen! Auch im D-Jugend-Alter ist ein Neueinstieg gut m\u00f6glich. Wir freuen uns sehr auf euch!<\/p>\n<p>Wir w\u00fcnschen uns eine spannende, verletzungsfreie Saison mit sportlich fairen Spielen und ganz viel Spa\u00df.<\/p>\n<p><a style=\"font-size: 1rem;\" href=\"https:\/\/web.tsg-weinheim-handball.de\/?cat=27\"><img loading=\"lazy\" decoding=\"async\" class=\"alignnone wp-image-96 size-medium\" src=\"https:\/\/web.tsg-weinheim-handball.de\/wp-content\/uploads\/2017\/11\/Spielberichte-300x48.png\" sizes=\"auto, (max-width: 300px) 100vw, 300px\" srcset=\"https:\/\/web.tsg-weinheim-handball.de\/wp-content\/uploads\/2017\/11\/Spielberichte-300x48.png 300w, https:\/\/web.tsg-weinheim-handball.de\/wp-content\/uploads\/2017\/11\/Spielberichte.png 690w\" alt=\"\" width=\"300\" height=\"48\" \/><\/a><\/p>\n","protected":false},"excerpt":{"rendered":"<p>wE-Jugend Trainer: Regina Gruber, Birgit Ahrens und Eva Helfrich Telefon: Kontakt \u00fcber den Jugendleiter Peter Scheurich (01575\/3772726) Mail: hsg-jugend@gmx.de Trainingszeiten Saison 2024\/2025: Dienstag:\u00a0 \u00a0 \u00a0 \u00a0 \u00a0 17:00-18:30 Uhr (Sporthalle Werner-Heisenberg-Gymnasium) Donnerstag:\u00a0 \u00a0 17:30-19:00 Uhr (Keissporthalle, Weinheim) Mannschaftsinfo Saison 2024\/ 2025: Nach dem Staffelsieg in der vergangenen Saison in der Bezirksliga 2, r\u00fcckte der Jahrgang &hellip; <\/p>\n<p class=\"link-more\"><a href=\"https:\/\/web.tsg-weinheim-handball.de\/?page_id=114\" class=\"more-link\"><span class=\"screen-reader-text\">\u201ewE-Jugend\u201c<\/span> weiterlesen<\/a><\/p>\n","protected":false},"author":1,"featured_media":2238,"parent":65,"menu_order":0,"comment_status":"closed","ping_status":"closed","template":"","meta":{"footnotes":""},"class_list":["post-114","page","type-page","status-publish","has-post-thumbnail","hentry"],"_links":{"self":[{"href":"https:\/\/web.tsg-weinheim-handball.de\/index.php?rest_route=\/wp\/v2\/pages\/114","targetHints":{"allow":["GET"]}}],"collection":[{"href":"https:\/\/web.tsg-weinheim-handball.de\/index.php?rest_route=\/wp\/v2\/pages"}],"about":[{"href":"https:\/\/web.tsg-weinheim-handball.de\/index.php?rest_route=\/wp\/v2\/types\/page"}],"author":[{"embeddable":true,"href":"https:\/\/web.tsg-weinheim-handball.de\/index.php?rest_route=\/wp\/v2\/users\/1"}],"replies":[{"embeddable":true,"href":"https:\/\/web.tsg-weinheim-handball.de\/index.php?rest_route=%2Fwp%2Fv2%2Fcomments&post=114"}],"version-history":[{"count":25,"href":"https:\/\/web.tsg-weinheim-handball.de\/index.php?rest_route=\/wp\/v2\/pages\/114\/revisions"}],"predecessor-version":[{"id":2262,"href":"https:\/\/web.tsg-weinheim-handball.de\/index.php?rest_route=\/wp\/v2\/pages\/114\/revisions\/2262"}],"up":[{"embeddable":true,"href":"https:\/\/web.tsg-weinheim-handball.de\/index.php?rest_route=\/wp\/v2\/pages\/65"}],"wp:featuredmedia":[{"embeddable":true,"href":"https:\/\/web.tsg-weinheim-handball.de\/index.php?rest_route=\/wp\/v2\/media\/2238"}],"wp:attachment":[{"href":"https:\/\/web.tsg-weinheim-handball.de\/index.php?rest_route=%2Fwp%2Fv2%2Fmedia&parent=114"}],"curies":[{"name":"wp","href":"https:\/\/api.w.org\/{rel}","templated":true}]}}